of 261 and 11740563?
261
Calculate the highest common factor of 318828 and 156.
12
Calculate the greatest common divisor of 478912 and 128.
64
Calculate the greatest common divisor of 950 and 414675.
475
What is the highest common divisor of 406 and 30218?
58
Calculate the greatest common divisor of 85725 and 4425.
75
What is the highest common factor of 161 and 4354?
7
Calculate the highest common divisor of 3264 and 459.
51
What is the greatest common divisor of 400 and 804200?
200
Calculate the greatest common divisor of 481 and 4477.
37
Calculate the highest common divisor of 10 and 375.
5
What is the highest common divisor of 121660 and 12628?
308
What is the greatest common factor of 119 and 706129?
17
What is the greatest common factor of 129 and 2028?
3
Calculate the highest common factor of 82767 and 96.
3
Calculate the greatest common divisor of 43104 and 2148.
12
Calculate the highest common divisor of 91 and 2653.
7
What is the greatest common divisor of 12084 and 24?
12
What is the greatest common divisor of 18180 and 5004?
36
What is the greatest common divisor of 4368 and 1888?
16
Calculate the greatest common factor of 598425 and 525.
75
What is the highest common factor of 42 and 121856?
14
Calculate the highest common divisor of 7749810 and 810.
270
What is the highest common factor of 42585 and 850?
85
Calculate the greatest common divisor of 792 and 15648.
24
What is the highest common divisor of 85400 and 60?
20
What is the highest common divisor of 539055 and 729?
81
What is the greatest common factor of 23183 and 1673?
239
What is the greatest common factor of 349670 and 2920?
730
Calculate the highest common factor of 2885442 and 58.
58
Calculate the highest common factor of 10 and 952730.
10
Calculate the highest common divisor of 81465 and 3015.
15
Calculate the greatest common divisor of 1825240 and 70.
10
What is the highest common factor of 4068 and 9882?
18
What is the greatest common divisor of 4832 and 99962?
302
What is the highest common divisor of 31168 and 1461?
487
Calculate the highest common divisor of 184 and 1221300.
92
Calculate the highest common divisor of 102 and 100351.
17
Calculate the greatest common divisor of 8414 and 623.
7
Calculate the greatest common factor of 227660 and 920.
20
What is the greatest common factor of 1160 and 39324?
116
Calculate the greatest common factor of 130 and 207610.
130
Calculate the greatest common divisor of 8309 and 35.
7
What is the greatest common divisor of 425534 and 40450?
1618
Calculate the greatest common divisor of 36552 and 48.
24
What is the greatest common divisor of 52604 and 12?
4
Calculate the greatest common divisor of 326040 and 176.
88
Calculate the greatest common divisor of 11206 and 2262.
26
Calculate the highest common factor of 462154 and 352.
22
What is the greatest common factor of 1214 and 979091?
607
What is the greatest common divisor of 345347 and 18350?
367
What is the greatest common factor of 552480 and 2400?
480
What is the greatest common divisor of 9 and 14052?
3
Calculate the greatest common factor of 1088 and 94928.
272
Calculate the greatest common divisor of 6 and 23854.
2
What is the highest common divisor of 27 and 52749?
9
What is the highest common divisor of 3824531 and 47?
47
What is the greatest common factor of 147 and 43827?
21
What is the highest common factor of 3479744 and 64?
64
What is the highest common divisor of 23 and 1784961?
23
What is the greatest common divisor of 50568 and 504?
168
What is the highest common factor of 22185 and 274635?
765
What is the greatest common divisor of 60 and 1488495?
15
Calculate the highest common factor of 273 and 30940.
91
Calculate the highest common factor of 211 and 21522.
211
What is the greatest common divisor of 149273 and 226?
113
Calculate the greatest common factor of 762 and 2982.
6
What is the highest common divisor of 114 and 1494426?
114
Calculate the greatest common divisor of 34343 and 61.
61
Calculate the greatest common divisor of 38 and 249223.
19
Calculate the highest common divisor of 1196528 and 14608.
1328
What is the highest common divisor of 27260 and 290?
290
What is the greatest common factor of 66 and 855327?
33
What is the highest common divisor of 69154 and 1461?
487
What is the greatest common divisor of 20 and 18365?
5
Calculate the highest common factor of 123331 and 159.
53
What is the highest common factor of 336 and 3888?
48
What is the highest common divisor of 357181 and 2299?
209
What is the greatest common factor of 990 and 188010?
90
Calculate the highest common factor of 66 and 189453.
33
What is the greatest common divisor of 147 and 3996391?
49
What is the greatest common factor of 177313 and 699?
233
Calculate the highest common factor of 1340453 and 1338.
223
What is the highest common factor of 28 and 108402?
14
Calculate the greatest common divisor of 368133 and 1662.
831
Calculate the highest common factor of 8 and 1017256.
8
What is the highest common factor of 13904 and 4400?
176
What is the highest common factor of 722 and 18506?
38
What is the highest common factor of 986364 and 36?
36
Calculate the highest common factor of 1207 and 5893.
71
Calculate the greatest common factor of 3 and 109491.
3
Calculate the greatest common divisor of 18 and 80397.
9
Calculate the highest common divisor of 45449 and 94.
47
Calculate the highest common divisor of 99484 and 1428.
476
Calculate the highest common factor of 3085 and 55.
5
Calculate the highest common factor of 38346 and 2247.
21
Calculate the greatest common factor of 58250 and 379790.
2330
Calculate the greatest common divisor of 1969 and 33.
11
Calculate the greatest common factor of 14 and 26145.
7
Calculate the highest common factor of 201695 and 1235.
65
Calculate the highest common factor of 29195 and 40.
5
Calculate the highest common factor of 1210 and 349085.
605
Calculate the highest common factor of 38 and 34618.
38
What is the highest common divisor of 3042 and 9594?
234
What is the greatest common factor of 42 and 12302598?
42
What is the greatest common factor of 146147 and 404?
101
Calculate the highest common factor of 1420716 and 11.
11
Calculate the greatest common factor of 14328 and 1072809.
1791
What is the highest common factor of 135828 and 12?
12
What is the highest common factor of 5643 and 18?
9
Calculate the greatest common factor of 28 and 299306.
14
Calculate the greatest common factor of 1824 and 186504.
456
Calculate the greatest common factor of 84580 and 640.
20
Calculate the highest common factor of 13485 and 3480.
435
What is the highest common divisor of 148689 and 54?
27
Calculate the highest common divisor of 3781 and 513.
19
What is the greatest common factor of 245 and 167335?
245
What is the highest common divisor of 1208 and 7444?
4
What is the highest common divisor of 62166 and 48?
6
What is the highest common factor of 319 and 2462361?
319
Calculate the highest common divisor of 25826 and 222.
74
Calculate the highest common factor of 57 and 8493.
57
What is the greatest common factor of 529 and 989?
23
Calculate the greatest common factor of 440 and 141328.
88
What is the highest common factor of 274 and 113847?
137
What is the greatest common divisor of 522 and 263349?
261
What is the greatest common factor of 1743 and 502482?
249
What is the highest common divisor of 3663 and 70004?
407
What is the highest common factor of 9888 and 53457?
309
Calculate the greatest common factor of 1679 and 189070.
73
What is the highest common factor of 1275 and 92565?
255
Calculate the highest common factor of 742 and 17702.
106
Calculate the greatest common divisor of 20 and 7826620.
20
Calculate the highest common divisor of 3606012 and 1544.
772
What is the greatest common factor of 588 and 44541?
147
What is the highest common factor of 266793 and 452?
113
Calculate the greatest common factor of 5736853 and 173.
173
Calculate the highest common divisor of 465 and 730.
5
Calculate the highest common divisor of 2660 and 60420.
380
What is the highest common factor of 962 and 4992?
26
What is the highest common divisor of 42632 and 7592?
584
Calculate the greatest common factor of 536 and 12712.
8
What is the highest common divisor of 3